atest common factor of 18 and z?
6
Let s(i) = -i**3 + 8*i**2 - 9*i + 8. Let z be (-3)/2 + (-45)/(-6). Let y be s(z). Calculate the highest common divisor of 130 and y.
26
Let b(a) = 12*a**2 - 26*a - 43. Let j be b(-2). What is the highest common factor of j and 38?
19
Let a(p) = -p**3 + 7*p**2 - 3*p - 3. Let x be a(6). Suppose -3*g = -x - 21. Let z = 28 - -68. Calculate the highest common factor of g and z.
12
Suppose -4*i + 0*i = -0*i. Suppose i = -2*v + 6*v - 28. What is the highest common factor of v and 77?
7
Suppose 7*r = -0*r - 42. Let c(i) = 3*i**2 - 4*i - 2. Let y be c(4). Let p be (r/4)/((-3)/y). Calculate the greatest common divisor of 10 and p.
5
Let a = -15 - -26. Let z(b) = -b**2 + b + 2. Let i be z(0). Suppose 2*l + k - 154 = 6*k, -i*l - k = -154. Calculate the highest common factor of a and l.
11
Suppose -4*j + 68 = -2*j. Let c = 25 - j. Let d be -15*c/((-108)/(-56)). What is the highest common factor of 14 and d?
14
Suppose 0 = 23*w - 15*w - 336. Calculate the greatest common divisor of 714 and w.
42
Suppose -6*p = -3*p - 72. Let i = 30 - 25. Suppose -i*z + 4 = -236. What is the greatest common factor of z and p?
24
Let q = 3 - 1. Let m be 15/q*(-108)/(-5). Suppose 11*x = 215 - 17. What is the greatest common divisor of x and m?
18
Suppose -7 = -4*x + 5. Suppose -3*g + 23 = -7*g + h, h = x. Let p be -2 + (-30)/g*6. What is the highest common factor of p and 17?
17
Let r = -472 - -505. Calculate the highest common factor of 11 and r.
11
Let o be -38*(11 + -6 - 6). Calculate the highest common factor of o and 38.
38
Let x = -541 + 853. Calculate the greatest common factor of x and 120.
24
Suppose -f = -3*w + 30 + 32, f = -5*w + 114. Let m(p) = p**3 + 36*p**2 - 72*p + 163. Let i be m(-38). Calculate the highest common divisor of w and i.
11
Suppose 2*y + 14 - 65 = 3*v, 0 = y + 5*v + 7. Let o(w) = w**2 - 15*w - 42. Let i be o(y). What is the highest common factor of 12 and i?
12
Suppose 0 = 5*c - 22 - 18. Suppose 0 = 2*w + 3*w. Suppose w*a + 3*a = 192. What is the greatest common divisor of c and a?
8
Let q(f) = f**3 - 12*f**2 + 2*f + 16. Let h be q(12). Let z = -20 + h. Calculate the highest common divisor of z and 5.
5
Let f = 4 - -13. Suppose 5*c - 5*j = -4*j + 16, 4*c + 5*j - 7 = 0. Let h be 68*c/(-60)*-5. Calculate the highest common divisor of f and h.
17
Let h(p) = p**2 + 4*p - 10. Let c be h(-6). Suppose -2*j = 4*x + 2, -14 = -c*j + 3*x + x. Calculate the greatest common divisor of j and 27.
3
Let c be 13 + (0 - 1)*-1. Suppose -7*n - 980 = -9*n. Suppose -7*o + 2*o = -n. Calculate the highest common factor of o and c.
14
Suppose 7503 = -14*p + 55*p. What is the highest common factor of p and 3?
3
Let i(w) be the first derivative of -25*w**2 + 12*w + 19. Let t be i(-2). Calculate the highest common factor of t and 14.
14
Let r be (-21 - 0)*-23*1. What is the greatest common factor of 42 and r?
21
Suppose 0 = 13*o - 715 + 247. Let h be 12/(-5)*-10*3. What is the greatest common divisor of h and o?
36
Let a(p) = -2*p**3 - 20*p**2 - 21*p + 22. Let h be a(-14). What is the highest common factor of h and 12?
12
Suppose w + 1 + 15 = -4*k, 0 = w - 3*k - 19. Suppose -a + 270 = w*a. Suppose 6*p = -18 + a. What is the greatest common divisor of p and 42?
6
Let l be 6*(-4)/(-56) + 60960/56. Calculate the greatest common divisor of l and 18.
9
Let j be (3 - 92/28) + 2/7. Let s be (30/8)/((-1)/(-52)). Suppose -5*a - 6*v + v + s = j, -2*a = -5*v - 57. What is the greatest common factor of 72 and a?
36
Let a = -53 + 14. Let u = -22 - a. Suppose -17 = k - 2*k. What is the highest common factor of k and u?
17
Let u be 8/(4 - 3 - -1). Let m = u - 1. Let z be -4*m/(-8)*24. What is the greatest common factor of 54 and z?
18
Suppose 0*g + 3*d + 28 = 5*g, -4 = -d. Let z be (g/4 - 1) + 10. Calculate the highest common divisor of 44 and z.
11
Let p be ((-182)/(-364))/((-1)/(-120)). What is the greatest common divisor of p and 72?
12
Let y = -404 - -416. What is the greatest common divisor of 276 and y?
12
Let t(y) = -4 - 2 + 2*y**2 + 4*y**2. Let l be 4/(-3) + 70/(-42). Let b be t(l). Calculate the highest common divisor of 12 and b.
12
Suppose 5*m = 3*c + 596 + 430, -4*m - 2*c = -812. Calculate the greatest common factor of 867 and m.
51
Suppose 9*a - 8*a = 47. Let x = a + -10. What is the highest common divisor of 259 and x?
37
Suppose 6*o = -3*o + 135. Let p be o/(-10)*(-14)/(-6)*-66. Calculate the greatest common divisor of p and 21.
21
Let m(z) = z**2 - 19*z + 43. Let s be m(27). What is the greatest common factor of s and 74?
37
Suppose q + 18 = 23. Let p be (-3 + 5/2)*-4. Suppose p*o = -5*m + 113 - 22, 0 = -m + q. Calculate the greatest common factor of o and 3.
3
Let f = 1318 - 1006. What is the greatest common factor of f and 72?
24
Suppose -7*r + 120 = -4*r. What is the greatest common factor of 280 and r?
40
Let z(q) = -q**3 - 16*q**2 - 14*q + 9. Let c be z(-15). Let a be (-8)/28*-9*(-28)/c. What is the highest common factor of a and 132?
12
Let v = 2611 - 2067. What is the greatest common divisor of v and 85?
17
Let w = -42 + 93. Suppose 9 = 4*v - w. What is the greatest common divisor of 3 and v?
3
Let r(z) = 35*z - 1. Let x be r(3). Let j be (-4 - 105/(-10))*4. Suppose -3*d - j = -5*d. What is the greatest common factor of x and d?
13
Let u be -2 + -4 - (1 + 2). Let s(l) = l**3 + 10*l**2 + 8*l - 1. Let r be s(u). Suppose 0 = -0*w + 4*w - r. What is the greatest common factor of w and 18?
2
Let w(o) = 2*o**2 + 4*o. Let l be w(-3). Suppose -8 = 6*a - 8*a. Suppose -3*f + 22 = -2*q, -18 = -4*f + q - a*q. What is the highest common divisor of l and f?
6
Suppose 0 = 9*v - 7*v - 56. Suppose v*k - 33*k = -115. What is the greatest common divisor of 46 and k?
23
Let v(n) = n**3 + 21*n**2 + 47*n - 5. Let j be v(-18). Calculate the highest common factor of 11 and j.
11
Suppose -3*y = -0*y - 60. Let u = y - 16. Suppose 5 = 4*r + 1. What is the highest common factor of r and u?
1
Let l = -379 + 384. What is the greatest common divisor of l and 40?
5
Let q(y) = -y**2 - 3. Let u be q(-3). Let k be (-2175)/u - (-9)/12. Let c be k/5 - 18/45. What is the greatest common divisor of c and 4?
4
Let b = -3 - -5. Let p(s) = -4 + 0 + 12*s - b. Let y be p(6). What is the greatest common divisor of 6 and y?
6
Let p(b) = 13*b - 59. Let d be p(7). Suppose 5*v + 2*c - d = 0, 4*v = 6*v - 4*c - 8. What is the greatest common divisor of 2 and v?
2
Let r = 18 + -17. Let s = 120 - 112. What is the highest common factor of s and r?
1
Suppose -3*l + 118 = -2*p, 3*l = -2*l - 4*p + 204. Let f = 5 - 1. Let v(r) = r**2 - 3*r + 6. Let a be v(f). What is the greatest common divisor of a and l?
10
Let x = 521 + -441. What is the highest common divisor of x and 64?
16
Let w(o) = -o**3 - 11*o**2 + 58*o - 16. Let l be w(-15). Calculate the greatest common factor of 329 and l.
7
Suppose -10*v = 3*v - 65. Suppose b + v = 10. Calculate the highest common divisor of b and 115.
5
Suppose -1502 - 34 = -64*x. What is the highest common factor of 42 and x?
6
Let d(j) = 16*j + 5. Let w be d(10). Suppose 3*x - 3*t - w = 0, -5*x + t = -0*x - 287. Calculate the greatest common factor of 174 and x.
58
Let p be (3 - 7)/4*-3. Suppose 4*b - 4*j = -4 + 40, 3*j = 4*b - 34. Let q = b - -2. Calculate the highest common divisor of p and q.
3
Let o(m) = 2*m + 24. Let t be o(-9). Let r(h) = -16*h**3 - 2*h**2 - 2*h - 1. Let p be r(-1). What is the highest common divisor of p and t?
3
Suppose -d + 1738 = 1270. What is the highest common factor of d and 4?
4
Suppose 7*u - 83 = 6*u. Let l = u - 75. What is the highest common divisor of l and 32?
8
Let h be (-53)/212 - 3538/(-8). What is the highest common divisor of h and 13?
13
Let s = -318 + 374. Let i(o) = -o**3 + 5*o**2 + 4*o - 6. Let v be i(5). What is the highest common divisor of s and v?
14
Suppose -4*r = 5*s + 25, -3*s = 2*r - 0*r + 15. Suppose r = -4*l + 5*g + 73, -5*g - 53 = -3*l - 3*g. Calculate the greatest common factor of l and 17.
17
Let y = 3 + 9. Let j(s) be the first derivative of -9*s**2 - 6*s + 6. Let u be j(-3). What is the highest common divisor of y and u?
12
Let r(t) be the third derivative of -t**4/12 + 7*t**3/6 - 2*t**2. Let h be r(0). Let v = h + -5. Calculate the highest common factor of v and 2.
2
Let y(u) = u**3 - u + 13. 